{"id":39,"date":"2017-06-07T12:28:50","date_gmt":"2017-06-07T12:28:50","guid":{"rendered":"http:\/\/inspirythemesdemo.com\/realplaces\/?post_type=property&#038;p=39"},"modified":"2024-10-09T18:40:36","modified_gmt":"2024-10-09T18:40:36","slug":"apartamento-de-lujo-con-vistas","status":"publish","type":"property","link":"https:\/\/demo.realhomes.io\/spanish\/propiedad\/edificio-de-15-apartamentos\/apartamento-de-lujo-con-vistas\/","title":{"rendered":"Apartamento de Lujo con Vistas"},"content":{"rendered":"\n<p>Apartamento de lujo disponible en una ubicaci\u00f3n ideal, con vistas a la ciudad y al oc\u00e9ano, a poca distancia de importantes carreteras y servicios de estilo de vida, disfruta de un elegante y bien decorado apartamento de 5 estrellas a pocos pasos de la playa.<\/p>\n\n\n\n<p>2 grandes dormitorios con una cama tama\u00f1o Queen cada uno, 2 ba\u00f1os completos m\u00e1s un sof\u00e1-cama de tama\u00f1o completo para acomodar hasta 6 personas.<\/p>\n\n\n\n<p>El apartamento est\u00e1 bien equipado con todo lo necesario para una estancia agradable, electrodom\u00e9sticos a estrenar, juego de comedor completo m\u00e1s ollas, sartenes, cubiertos, peque\u00f1os electrodom\u00e9sticos, adem\u00e1s de TV, internet de alta velocidad WiFi y aparcamiento gratuito en el garaje.<\/p>\n","protected":false},"excerpt":{"rendered":"<p>Apartamento de lujo disponible en una ubicaci\u00f3n ideal, con vistas a la ciudad y al oc\u00e9ano, a poca distancia de importantes carreteras y servicios de estilo de vida, disfruta de un elegante y bien decorado apartamento de 5 estrellas a pocos pasos de la playa. 2 grandes dormitorios con una cama tama\u00f1o Queen cada uno,&#8230;<\/p>\n","protected":false},"author":1,"featured_media":4499,"parent":35,"menu_order":0,"comment_status":"closed","ping_status":"closed","template":"","prestaci\u00f3n-propiedad":[27,21,24,25,26,36],"tipo-propiedad":[47],"propiedad-ubicacion":[59],"estado-propiedad":[29],"class_list":["post-39","property","type-property","status-publish","has-post-thumbnail","hentry","property-feature-alarma-contra-incendios","property-feature-calefaccion-central","property-feature-fregaderos-dobles","property-feature-rango-electrico","property-feature-salida-de-emergencia","property-feature-suelo-de-marmol","property-type-apartamento","property-city-granada","property-status-para-alquiler"],"aioseo_notices":[],"property_meta":{"REAL_HOMES_property_price":"2500","REAL_HOMES_property_old_price":"","REAL_HOMES_property_price_prefix":"","REAL_HOMES_property_price_postfix":"Mensual","REAL_HOMES_property_size":"90","REAL_HOMES_property_size_postfix":"m\u00b2","REAL_HOMES_property_lot_size":"","REAL_HOMES_property_lot_size_postfix":"","REAL_HOMES_property_bedrooms":"2","REAL_HOMES_property_bathrooms":"2","REAL_HOMES_property_garage":"","REAL_HOMES_property_id":"RH-2017-04","REAL_HOMES_property_year_built":"","rvr_property_owner":"","REAL_HOMES_featured":"0","REAL_HOMES_additional_details_list":[],"REAL_HOMES_property_location":{"latitude":"37.194552859351","longitude":"-3.604341266268","zoom":"17"},"REAL_HOMES_property_address":"Cuesta Lilia Cal 16, Granada, 79018","REAL_HOMES_property_map":"0","REAL_HOMES_property_images":[],"REAL_HOMES_change_gallery_slider_type":"0","REAL_HOMES_gallery_slider_type":"thumb-on-right","inspiry_floor_plans":[],"inspiry_video_group":[{"inspiry_video_group_url":"https:\/\/www.youtube.com\/watch?v=uTIcquf4Z-s"}],"REAL_HOMES_360_virtual_tour":"","REAL_HOMES_agent_display_option":"agent_info","REAL_HOMES_agents":["51"],"REAL_HOMES_energy_class":"none","REAL_HOMES_energy_performance":"","REAL_HOMES_epc_current_rating":"","REAL_HOMES_epc_potential_rating":"","ere_property_schedule_tour":"global","ere_property_schedule_time_slots":"","ere_property_schedule_description":"","REAL_HOMES_sticky":"0","inspiry_property_label":"","inspiry_property_label_color":"","inspiry_property_tax":"","inspiry_additional_fee":"","REAL_HOMES_attachments":[],"inspiry_property_owner_name":"","inspiry_property_owner_contact":"","inspiry_property_owner_address":"","REAL_HOMES_property_private_note":"","inspiry_message_to_reviewer":"","REAL_HOMES_add_in_slider":"no","REAL_HOMES_slider_image":[],"REAL_HOMES_page_banner_image":[],"REAL_HOMES_hide_property_advance_search":"0","REAL_HOMES_custom_header_display":"default","REAL_HOMES_custom_header_position":"relative","REAL_HOMES_custom_footer_display":"default","REAL_HOMES_hide_advance_search":"0","REAL_HOMES_custom_search_form":"default","REAL_HOMES_search_form_margin_top":"","REAL_HOMES_search_form_margin_bottom":""},"_links":{"self":[{"href":"https:\/\/demo.realhomes.io\/spanish\/wp-json\/wp\/v2\/propiedad\/39","targetHints":{"allow":["GET"]}}],"collection":[{"href":"https:\/\/demo.realhomes.io\/spanish\/wp-json\/wp\/v2\/propiedad"}],"about":[{"href":"https:\/\/demo.realhomes.io\/spanish\/wp-json\/wp\/v2\/types\/property"}],"author":[{"embeddable":true,"href":"https:\/\/demo.realhomes.io\/spanish\/wp-json\/wp\/v2\/users\/1"}],"replies":[{"embeddable":true,"href":"https:\/\/demo.realhomes.io\/spanish\/wp-json\/wp\/v2\/comments?post=39"}],"version-history":[{"count":2,"href":"https:\/\/demo.realhomes.io\/spanish\/wp-json\/wp\/v2\/propiedad\/39\/revisions"}],"predecessor-version":[{"id":5019,"href":"https:\/\/demo.realhomes.io\/spanish\/wp-json\/wp\/v2\/propiedad\/39\/revisions\/5019"}],"up":[{"embeddable":true,"href":"https:\/\/demo.realhomes.io\/spanish\/wp-json\/wp\/v2\/propiedad\/35"}],"wp:featuredmedia":[{"embeddable":true,"href":"https:\/\/demo.realhomes.io\/spanish\/wp-json\/wp\/v2\/media\/4499"}],"wp:attachment":[{"href":"https:\/\/demo.realhomes.io\/spanish\/wp-json\/wp\/v2\/media?parent=39"}],"wp:term":[{"taxonomy":"property-feature","embeddable":true,"href":"https:\/\/demo.realhomes.io\/spanish\/wp-json\/wp\/v2\/prestaci\u00f3n-propiedad?post=39"},{"taxonomy":"property-type","embeddable":true,"href":"https:\/\/demo.realhomes.io\/spanish\/wp-json\/wp\/v2\/tipo-propiedad?post=39"},{"taxonomy":"property-city","embeddable":true,"href":"https:\/\/demo.realhomes.io\/spanish\/wp-json\/wp\/v2\/propiedad-ubicacion?post=39"},{"taxonomy":"property-status","embeddable":true,"href":"https:\/\/demo.realhomes.io\/spanish\/wp-json\/wp\/v2\/estado-propiedad?post=39"}],"curies":[{"name":"wp","href":"https:\/\/api.w.org\/{rel}","templated":true}]}}

<p>Apartamento de lujo disponible en una ubicación ideal, con vistas a la ciudad y al océano, a poca distancia de importantes carreteras y servicios de estilo de vida, disfruta de un elegante y bien decorado apartamento de 5 estrellas a pocos pasos de la playa.</p>



<p>2 grandes dormitorios con una cama tamaño Queen cada uno, 2 baños completos más un sofá-cama de tamaño completo para acomodar hasta 6 personas.</p>



<p>El apartamento está bien equipado con todo lo necesario para una estancia agradable, electrodomésticos a estrenar, juego de comedor completo más ollas, sartenes, cubiertos, pequeños electrodomésticos, además de TV, internet de alta velocidad WiFi y aparcamiento gratuito en el garaje.</p>

<p>Apartamento de lujo disponible en una ubicación ideal, con vistas a la ciudad y al océano, a poca distancia de importantes carreteras y servicios de estilo de vida, disfruta de un elegante y bien decorado apartamento de 5 estrellas a pocos pasos de la playa. 2 grandes dormitorios con una cama tamaño Queen cada uno,&#8230;</p>

https://demo.realhomes.io/spanish/wp-json/wp/v2/prestación-propiedad?post=39
